mainder when s(8) is divided by z.
11
Let l(y) = -27*y**3 + 2*y**2 + 4*y + 1. Let a be (-121)/44 + (-56)/(-32). What is the remainder when 123 is divided by l(a)?
19
Let z = 53 + -25. Suppose z + 20 = p. What is the remainder when p is divided by 18?
12
Let c(l) = -9680*l - 96773. Calculate the remainder when 2337/21 - (-4)/(-14) is divided by c(-10).
3
Let a(v) = -56*v - 7. What is the remainder when a(-4) is divided by 15/(195/574) - (-18)/(-117)?
41
Let u(z) = 496*z + 3157. Calculate the remainder when 1447 is divided by u(-6).
180
Let x = -242 - -153. Let g = 104 + x. Let q = 118 + -20. What is the remainder when q is divided by g?
8
Suppose 805*w - 631*w - 4872 = 0. What is the remainder when 68 is divided by w?
12
Let r(q) = 41*q**2 + 153. What is the remainder when 617 is divided by r(0)?
5
Let x = 74 - -1180. Suppose -4*m + x = -2*w - 536, 3*m = -2*w + 1332. What is the remainder when m is divided by 56?
54
Let t = -8139 + 8210. What is the remainder when 845 is divided by t?
64
Calculate the remainder when ((-1288)/18)/((120/(-108))/5) is divided by 166.
156
Let g(o) = o**3 - 3*o**2 + 5*o - 6. Let i(t) = 60*t**2 + 1681*t + 37. Calculate the remainder when g(4) is divided by i(-28).
3
What is the remainder when 228 is divided by (-1 - -5) + (-136 - -126) - (-34 + 0)?
4
Suppose 179*f + 8*f - 55994 = 14692. What is the remainder when f is divided by 36?
18
Suppose -7567 = -5*h + 3*w, 112*w - 111*w - 1523 = -h. What is the remainder when h is divided by 22?
21
Suppose 31*p = 46*p - 7890. Calculate the remainder when p is divided by 166.
28
Let y be (-1045)/(-25) - (-4)/20. Suppose -41 = -i - y. What is the remainder when i/(-2 + (-595)/(-300)) is divided by 31?
29
Suppose -w + 2508 = -3*k + 2*k, 3*k = -4*w + 10018. Calculate the remainder when w is divided by 23.
22
Let p(h) = h**2 + 3*h + 6. Let s be p(-2). Suppose 5*t - 50 = 5*j, 3*j - s*j - 26 = -5*t. Let n = 79 - j. Calculate the remainder when n is divided by 15.
10
Let f(b) = -10*b**2 + 25*b - 59. Let p(y) = 7*y**2 - 17*y + 40. Let n(k) = -5*f(k) - 7*p(k). What is the remainder when n(8) is divided by 18?
13
Suppose 256*s = 255*s + 2. Let a = 113 + s. Calculate the remainder when a is divided by 32.
19
Let a be (5 - 8)*4/3. Let i be a/(-18) - 525/(-189). Suppose w - 6*w + 7 = i*k, -3*w = 3. Calculate the remainder when k is divided by 3.
1
Let j(u) = u**2 - 2*u - 2. Suppose -141*w - 5*w + 37845 = -w. Calculate the remainder when w is divided by j(6).
19
Suppose 447*g - 58213 - 79016 = 0. Calculate the remainder when 1014 is divided by g.
93
Suppose 10*q + 24797 - 27347 = 0. What is the remainder when q is divided by 27?
12
Calculate the remainder when 10/12 - (22 - (-3896)/(-48)) is divided by 11.
5
Let m(v) = -18*v - 3. What is the remainder when m(-2) is divided by (-6)/75 + ((-10452)/(-650) - -3)?
14
Let j be -3 + (-426)/(-6) + 0/(-1). Let m = 124 - j. Suppose 33*s - m = 31*s. What is the remainder when 80 is divided by s?
24
Let r = -31 - -58. Let u(v) be the third derivative of -v**4/12 + 79*v**3/6 + 50*v**2. Calculate the remainder when u(0) is divided by r.
25
Suppose 0 = 16*q - 71 - 41. Let r be (31 - 4)*(0 - -1). Let b = r - q. What is the remainder when 58 is divided by b?
18
What is the remainder when ((56/35)/8)/((-1)/(-2235)) is divided by 148?
3
Let q(i) = -3*i - 16. Suppose -23 - 71 = -n. Let t = 45 + n. What is the remainder when t is divided by q(-10)?
13
Let y(h) = 5*h**2 + 113*h - 26. What is the remainder when y(-35) is divided by 58?
56
Suppose -c = 2*p + 2*p - 31, 0 = -p - c + 7. Let x(y) = -y**2 - 25*y + 6. Let o be x(-11). Suppose -o = -r - 7*r. What is the remainder when r is divided by p?
4
Let r(y) = 170*y + 2491. What is the remainder when 408 is divided by r(-14)?
75
Let o = -7 - -14. What is the remainder when (-48 + (4 - -3))*(11 - 12) is divided by o?
6
Let r = -704 + 302. Let n = -133 - r. Calculate the remainder when n is divided by 45.
44
Let c = -37 + 21. Calculate the remainder when 16/(-12)*804/c is divided by 24.
19
Suppose -5566 = 20*g - 7706. Calculate the remainder when g is divided by (45/(-4))/((-6)/16).
17
Let z(r) = 23*r**2 - r - 1. Suppose 4*o = -d + 9*o - 14, -102 = -2*d - 3*o. What is the remainder when z(-2) is divided by d?
21
Suppose -a = -116 - 67. Suppose 63*d - 1841 = 112. What is the remainder when a is divided by d?
28
Let d(w) = -9*w + 29*w - 30 + 0 - 16. Calculate the remainder when d(8) is divided by 13.
10
Let z = 4594 - 3894. Calculate the remainder when z is divided by 144.
124
Suppose 32 = -2*k + 3*u + 437, 3*k - 2*u = 610. Calculate the remainder when k is divided by 15.
9
Let g = -94 + 144. Let f = 6 + 7. Suppose k - f = -0*k. What is the remainder when g is divided by k?
11
Let x = 522 - 252. What is the remainder when 322 is divided by (10/25)/(2 - 537/x)?
34
Let x = -628 + 711. Let j(s) be the third derivative of 7*s**5/60 - s**4/6 + s**3/3 - 2*s**2. What is the remainder when x is divided by j(2)?
17
Suppose -10*h - 230 = -4*h - 11*h. What is the remainder when 491 is divided by h?
31
Suppose -2643 = 5*g - s, 5*g + s - 1048 = -3695. Let p = g - -807. What is the remainder when p is divided by 70/(-4)*(-32)/10?
54
Suppose -24*b = -1542 + 582. Suppose 96*s - 224 = b*s. What is the remainder when 15 is divided by s?
3
Let u be (20/30)/((-2)/(-9)). Suppose u*x = -x + 432. Let i = 155 - x. What is the remainder when i is divided by 26?
21
Let q(p) = 30*p + 4. Let f be (3 - 1) + -1 + 0. What is the remainder when q(f) is divided by 23?
11
Let s = -3617 - -6464. What is the remainder when s is divided by 89?
88
Calculate the remainder when 3527 is divided by (-42)/(1/2*7/(-7)).
83
Suppose -31*i + 32*i = 730. Let k = i - 604. Calculate the remainder when k is divided by 10.
6
Let j(k) = 138*k + 22238. Let l(u) = 4*u**2. Let q be l(1). Suppose -2*o = 2*c - 44, -q*c + o = -o - 94. What is the remainder when j(-160) is divided by c?
20
Suppose 359 + 1132 = 9*k + 159. What is the remainder when 1292 is divided by k?
108
Suppose 4*f - 6 = -2, 0 = 4*m + 2*f - 286. Suppose 118 = s + m. Suppose -4*b + s = -25. What is the remainder when 47 is divided by b?
11
Let v = -179 + 176. Let s(g) = -4*g**2 - 18*g. What is the remainder when 141 is divided by s(v)?
15
Let t = 3 - 96. Let z = t + 107. Calculate the remainder when 27 is divided by z.
13
Let p = -48479 + 69475. What is the remainder when p is divided by 200?
196
Suppose 102 = -2*f - 168. Let v = 257 + f. Suppose 7*k - 164 = 53. What is the remainder when v is divided by k?
29
Let j = 5143 - 5042. What is the remainder when 1107 is divided by j?
97
Suppose 14 = -2*k + 210. Suppose 257*v = 67*v - 210*v + 6800. Calculate the remainder when k is divided by v.
13
Let k(q) = -155*q - 24. Let x be k(-2). Suppose -2*d - 9*d = -x. What is the remainder when 75 is divided by d?
23
Let t(z) = -z**3 + 56*z**2 - 335*z - 158. Calculate the remainder when 663 is divided by t(49).
195
Let a(o) = -o**2 + 19*o - 44. Let n be a(16). Suppose -2*t + 5*u + 55 = 2, n*t - 166 = -2*u. What is the remainder when t is divided by 7?
4
Let s = -8 - -15. Suppose 6*p - 3*j + 2 = s*p, 38 = 3*p + j. Calculate the remainder when 17 is divided by p.
3
Suppose 0 = -18*c + 9126 - 6912. Suppose -4*b = -2*r - 3*r - 135, 3*b - 2*r - 103 = 0. What is the remainder when c is divided by b?
18
Suppose -37 = -4*w + 91. Let t(x) = 1000*x + 3007. What is the remainder when w is divided by t(-3)?
4
Let f = 4133 - 4115. Calculate the remainder when 34 is divided by f.
16
Let m = 252 + -225. Let k = 15 + m. What is the remainder when 545 is divided by k?
41
Suppose 4*t + 602 = 5*x, x - 54*t - 114 = -50*t. Calculate the remainder when x is divided by 5.
2
Let k = -881 + 961. Calculate the remainder when 795 is divided by k.
75
Suppose 193*r - 191*r = 4. Let w(b) = b**3 + 9*b**2 + 8*b + 9. What is the remainder when (r + 3 + -73)/(-2 - 0) is divided by w(-8)?
7
Suppose 0 = -4*v + 30 + 46. Calculate the remainder when 5/((-90)/(-2634)) - 424/(-159) is divided by v.
16
Suppose 5*n - 20 = 0, -336 + 82 = -5*f - n. Calculate the remainder when (((-33)/2)/(745/298))/((-2)/60) is divided by f.
48
Let p(v) = -82*v**3 + 8*v**2 + v - 1. Let z be p(2). Let k = -593 - z. Let x = 201 - 89. Calculate the remainder when x is divided by 